{"id":81,"date":"2022-06-09T17:32:57","date_gmt":"2022-06-09T17:32:57","guid":{"rendered":"http:\/\/sexducacion.com\/?page_id=81"},"modified":"2023-01-20T09:47:35","modified_gmt":"2023-01-20T09:47:35","slug":"orientacion-sexual","status":"publish","type":"page","link":"https:\/\/sexducacion.com\/cat\/orientacion-sexual\/","title":{"rendered":"Orientaci\u00f3 sexual"},"content":{"rendered":"<div data-elementor-type=\"wp-page\" data-elementor-id=\"81\" class=\"elementor elementor-81\" data-elementor-post-type=\"page\">\n\t\t\t\t\t\t<section class=\"elementor-section elementor-top-section elementor-element elementor-element-919c8f1 elementor-section-height-min-height elementor-section-boxed elementor-section-height-default elementor-section-items-middle\" data-id=\"919c8f1\" data-element_type=\"section\" data-e-type=\"section\" data-settings=\"{&quot;background_background&quot;:&quot;classic&quot;}\">\n\t\t\t\t\t\t<div class=\"elementor-container elementor-column-gap-default\">\n\t\t\t\t\t<div class=\"elementor-column elementor-col-100 elementor-top-column elementor-element elementor-element-09a04b4\" data-id=\"09a04b4\" data-element_type=\"column\" data-e-type=\"column\">\n\t\t\t<div class=\"elementor-widget-wrap elementor-element-populated\">\n\t\t\t\t\t\t<div class=\"elementor-element elementor-element-4b26f1a elementor-widget elementor-widget-heading\" data-id=\"4b26f1a\" data-element_type=\"widget\" data-e-type=\"widget\" data-widget_type=\"heading.default\">\n\t\t\t\t<div class=\"elementor-widget-container\">\n\t\t\t\t\t<h1 class=\"elementor-heading-title elementor-size-default\">Orientaci\u00f3 sexual<\/h1>\t\t\t\t<\/div>\n\t\t\t\t<\/div>\n\t\t\t\t<div class=\"elementor-element elementor-element-0a0e909 elementor-widget elementor-widget-text-editor\" data-id=\"0a0e909\" data-element_type=\"widget\" data-e-type=\"widget\" data-widget_type=\"text-editor.default\">\n\t\t\t\t<div class=\"elementor-widget-container\">\n\t\t\t\t\t\t\t\t\t<p><strong>L'orientaci\u00f3 del desig o orientaci\u00f3 sexual<\/strong>, fa refer\u00e8ncia a si ens atreuen preferentment les persones del mateix sexe (homosexualitat), si la nostra atracci\u00f3 va dirigida a persones de diferent sexe (heterosexualitat) o si sentim atracci\u00f3 pels dos sexes (bisexualitat).<\/p>\t\t\t\t\t\t\t\t<\/div>\n\t\t\t\t<\/div>\n\t\t\t\t\t<\/div>\n\t\t<\/div>\n\t\t\t\t\t<\/div>\n\t\t<\/section>\n\t\t\t\t<section class=\"elementor-section elementor-top-section elementor-element elementor-element-420cd10 elementor-section-boxed elementor-section-height-default elementor-section-height-default\" data-id=\"420cd10\" data-element_type=\"section\" data-e-type=\"section\">\n\t\t\t\t\t\t<div class=\"elementor-container elementor-column-gap-default\">\n\t\t\t\t\t<div class=\"elementor-column elementor-col-100 elementor-top-column elementor-element elementor-element-69b821c\" data-id=\"69b821c\" data-element_type=\"column\" data-e-type=\"column\">\n\t\t\t<div class=\"elementor-widget-wrap elementor-element-populated\">\n\t\t\t\t\t\t<div class=\"elementor-element elementor-element-e49cf59 elementor-widget elementor-widget-text-editor\" data-id=\"e49cf59\" data-element_type=\"widget\" data-e-type=\"widget\" data-widget_type=\"text-editor.default\">\n\t\t\t\t<div class=\"elementor-widget-container\">\n\t\t\t\t\t\t\t\t\t<p>Algunes persones acudeixen a consulta perqu\u00e8 <strong>no tenen clara la seva orientaci\u00f3 sexual<\/strong>, necessiten aclarir-se sobre quin \u00e9s el sexe pel qual preferentment se senten atrets i desitgen orientaci\u00f3 i assessorament.<\/p><p>De vegades senten que una\u00a0<strong>bona amistat<\/strong>\u00a0es converteix en\u00a0<strong>atracci\u00f3 sexual<\/strong> i no saben com gestionar-ho. En alguns casos tamb\u00e9 consulten persones que, al llarg de la vida, s'han sentit\u00a0<strong>atretes de forma preferent per un sexe<\/strong>, i en un moment de la seva vida, s'enamoren o senten atracci\u00f3 per alg\u00fa d'un sexe diferent del que estan habituats. En totes aquestes situacions solen sol\u00b7licitar orientaci\u00f3 i assessorament per saber com integrar aquests canvis a la seva vida.<\/p><p>Hi ha<strong>\u00a0joves que consulten perqu\u00e8 se senten atrets per persones del mateix sexe,\u00a0<\/strong>senten que se \u00absurten de la norma\u00bb i no saben<strong>\u00a0com gestionar aquesta q\u00fcesti\u00f3 a la seva vida.<\/strong><\/p><p>En determinats ambients,\u00a0<strong>l'homosexualitat continua veient-se i vivint-se de manera negativa<\/strong>\u00a0pel que de vegades les persones homosexuals i bisexuals, es plantegin\u00a0<strong>com comunicar a la fam\u00edlia ia les amistats els seus gustos i prefer\u00e8ncies,<\/strong>\u00a0si cal fer-ho, en quin moment etc\u2026 L'ambient familiar, l'entorn i la personalitat de cadasc\u00fa, influir\u00e0 en la nostra\u00a0<strong>manera de viure la nostra orientaci\u00f3 sexual de manera positiva o negativa.<\/strong><\/p>\t\t\t\t\t\t\t\t<\/div>\n\t\t\t\t<\/div>\n\t\t\t\t\t<\/div>\n\t\t<\/div>\n\t\t\t\t\t<\/div>\n\t\t<\/section>\n\t\t\t\t<section class=\"elementor-section elementor-top-section elementor-element elementor-element-250fcc1 elementor-section-boxed elementor-section-height-default elementor-section-height-default\" data-id=\"250fcc1\" data-element_type=\"section\" data-e-type=\"section\">\n\t\t\t\t\t\t<div class=\"elementor-container elementor-column-gap-default\">\n\t\t\t\t\t<div class=\"elementor-column elementor-col-100 elementor-top-column elementor-element elementor-element-41b86b5\" data-id=\"41b86b5\" data-element_type=\"column\" data-e-type=\"column\">\n\t\t\t<div class=\"elementor-widget-wrap elementor-element-populated\">\n\t\t\t\t\t\t<div class=\"elementor-element elementor-element-74f2a62 elementor-widget elementor-widget-image\" data-id=\"74f2a62\" data-element_type=\"widget\" data-e-type=\"widget\" data-widget_type=\"image.default\">\n\t\t\t\t<div class=\"elementor-widget-container\">\n\t\t\t\t\t\t\t\t\t\t\t\t\t\t\t<img fetchpriority=\"high\" decoding=\"async\" width=\"1024\" height=\"682\" src=\"https:\/\/sexducacion.com\/wp-content\/uploads\/2022\/07\/orientacion-sexual.jpeg\" class=\"attachment-large size-large wp-image-12915\" alt=\"\" srcset=\"https:\/\/sexducacion.com\/wp-content\/uploads\/2022\/07\/orientacion-sexual.jpeg 1024w, https:\/\/sexducacion.com\/wp-content\/uploads\/2022\/07\/orientacion-sexual-300x200.jpeg 300w, https:\/\/sexducacion.com\/wp-content\/uploads\/2022\/07\/orientacion-sexual-768x512.jpeg 768w, https:\/\/sexducacion.com\/wp-content\/uploads\/2022\/07\/orientacion-sexual-18x12.jpeg 18w\" sizes=\"(max-width: 1024px) 100vw, 1024px\" \/>\t\t\t\t\t\t\t\t\t\t\t\t\t\t\t<\/div>\n\t\t\t\t<\/div>\n\t\t\t\t\t<\/div>\n\t\t<\/div>\n\t\t\t\t\t<\/div>\n\t\t<\/section>\n\t\t\t\t<section class=\"elementor-section elementor-top-section elementor-element elementor-element-f7428c7 elementor-section-boxed elementor-section-height-default elementor-section-height-default\" data-id=\"f7428c7\" data-element_type=\"section\" data-e-type=\"section\">\n\t\t\t\t\t\t<div class=\"elementor-container elementor-column-gap-default\">\n\t\t\t\t\t<div class=\"elementor-column elementor-col-100 elementor-top-column elementor-element elementor-element-7a33b2b\" data-id=\"7a33b2b\" data-element_type=\"column\" data-e-type=\"column\">\n\t\t\t<div class=\"elementor-widget-wrap elementor-element-populated\">\n\t\t\t\t\t\t<div class=\"elementor-element elementor-element-78edd1e elementor-widget elementor-widget-heading\" data-id=\"78edd1e\" data-element_type=\"widget\" data-e-type=\"widget\" data-widget_type=\"heading.default\">\n\t\t\t\t<div class=\"elementor-widget-container\">\n\t\t\t\t\t<h3 class=\"elementor-heading-title elementor-size-default\">Podem ajudar-te<\/h3>\t\t\t\t<\/div>\n\t\t\t\t<\/div>\n\t\t\t\t<div class=\"elementor-element elementor-element-80d2eb0 elementor-widget elementor-widget-text-editor\" data-id=\"80d2eb0\" data-element_type=\"widget\" data-e-type=\"widget\" data-widget_type=\"text-editor.default\">\n\t\t\t\t<div class=\"elementor-widget-container\">\n\t\t\t\t\t\t\t\t\t<p>Si tens dificultats amb la teva orientaci\u00f3 sexual,\u00a0<strong>t'animem a consultar-nos.<\/strong><\/p><p>Si resides a <strong>Madrid o Barcelona<\/strong> pots concertar una cita per email a <strong><a href=\"mailto:sexducacion@sexducacion.com\">sexducacion@sexducacion.com<\/a><\/strong>. Si no vius a cap d'aquestes ciutats, <strong>t'atenem de manera online<\/strong>. Les intervencions en l\u00ednia tenen una metodologia i una efic\u00e0cia similar a les intervencions en persona.<\/p>\t\t\t\t\t\t\t\t<\/div>\n\t\t\t\t<\/div>\n\t\t\t\t<div class=\"elementor-element elementor-element-62230f3 elementor-widget elementor-widget-heading\" data-id=\"62230f3\" data-element_type=\"widget\" data-e-type=\"widget\" data-widget_type=\"heading.default\">\n\t\t\t\t<div class=\"elementor-widget-container\">\n\t\t\t\t\t<h3 class=\"elementor-heading-title elementor-size-default\">Qu\u00e8 \u00e9s l'assessorament sexol\u00f2gic per a la insatisfacci\u00f3 sexual?<\/h3>\t\t\t\t<\/div>\n\t\t\t\t<\/div>\n\t\t\t\t<div class=\"elementor-element elementor-element-d3b1606 elementor-widget elementor-widget-text-editor\" data-id=\"d3b1606\" data-element_type=\"widget\" data-e-type=\"widget\" data-widget_type=\"text-editor.default\">\n\t\t\t\t<div class=\"elementor-widget-container\">\n\t\t\t\t\t\t\t\t\t<p>A la primera visita,\u00a0la persona\u00a0<strong>experta en sexologia i educaci\u00f3 estudiar\u00e0 la dificultat amb lorientaci\u00f3 sexual\u00a0<\/strong>que la persona planteja oferint informaci\u00f3 i assessorament b\u00e0sic perqu\u00e8 la persona comenci a assimilar els sentiments.<\/p><p>A les seg\u00fcents visites, s'oferir\u00e0 \u00a0<strong>informaci\u00f3, suport i assessorament<\/strong>\u00a0perqu\u00e8 les persones aprenguin a con\u00e8ixer-se, aprenguin a acceptar-se i aprenguin a expressar les seves emocions i sentiments de la millor manera possible.<\/p><p>Les\u00a0<strong>sesiones individuales<\/strong>\u00a0tienen una duraci\u00f3n aproximada de<strong>\u00a01h.\u00a0<\/strong>\u00a0No es pot determinar un nombre m\u00e0xim o m\u00ednim de sessions per la qual cosa en tot moment es valorar\u00e0 levoluci\u00f3 i es determinar\u00e0 de manera conjunta la conveni\u00e8ncia o no de continuar amb la intervenci\u00f3.<\/p>\t\t\t\t\t\t\t\t<\/div>\n\t\t\t\t<\/div>\n\t\t\t\t\t<\/div>\n\t\t<\/div>\n\t\t\t\t\t<\/div>\n\t\t<\/section>\n\t\t\t\t<section class=\"elementor-section elementor-top-section elementor-element elementor-element-c685dec elementor-section-boxed elementor-section-height-default elementor-section-height-default\" data-id=\"c685dec\" data-element_type=\"section\" data-e-type=\"section\">\n\t\t\t\t\t\t<div class=\"elementor-container elementor-column-gap-default\">\n\t\t\t\t\t<div class=\"elementor-column elementor-col-100 elementor-top-column elementor-element elementor-element-61c109b\" data-id=\"61c109b\" data-element_type=\"column\" data-e-type=\"column\">\n\t\t\t<div class=\"elementor-widget-wrap elementor-element-populated\">\n\t\t\t\t\t\t<div class=\"elementor-element elementor-element-78dd25b elementor-widget elementor-widget-heading\" data-id=\"78dd25b\" data-element_type=\"widget\" data-e-type=\"widget\" data-widget_type=\"heading.default\">\n\t\t\t\t<div class=\"elementor-widget-container\">\n\t\t\t\t\t<h3 class=\"elementor-heading-title elementor-size-default\">Tens alguna pregunta? Vols sol\u00b7licitar una cita?<\/h3>\t\t\t\t<\/div>\n\t\t\t\t<\/div>\n\t\t\t\t<div class=\"elementor-element elementor-element-6727e6f elementor-align-center elementor-widget elementor-widget-button\" data-id=\"6727e6f\" data-element_type=\"widget\" data-e-type=\"widget\" data-widget_type=\"button.default\">\n\t\t\t\t<div class=\"elementor-widget-container\">\n\t\t\t\t\t\t\t\t\t<div class=\"elementor-button-wrapper\">\n\t\t\t\t\t<a class=\"elementor-button elementor-button-link elementor-size-sm\" href=\"https:\/\/sexducacion.com\/cat\/contacto\/\">\n\t\t\t\t\t\t<span class=\"elementor-button-content-wrapper\">\n\t\t\t\t\t\t\t\t\t<span class=\"elementor-button-text\">Contacta aqu\u00ed<\/span>\n\t\t\t\t\t<\/span>\n\t\t\t\t\t<\/a>\n\t\t\t\t<\/div>\n\t\t\t\t\t\t\t\t<\/div>\n\t\t\t\t<\/div>\n\t\t\t\t\t<\/div>\n\t\t<\/div>\n\t\t\t\t\t<\/div>\n\t\t<\/section>\n\t\t\t\t<\/div>","protected":false},"excerpt":{"rendered":"<p>Orientaci\u00f3n sexual La orientaci\u00f3n del deseo u orientaci\u00f3n sexual, hace referencia a si nos atraen preferentemente las personas del mismo sexo (homosexualidad), si nuestra atracci\u00f3n va dirigida a personas de distinto sexo (heterosexualidad) o si sentimos atracci\u00f3n por ambos sexos (bisexualidad). Algunas personas acuden a consulta porque no tienen clara su orientaci\u00f3n sexual, necesitan aclararse [&hellip;]<\/p>\n","protected":false},"author":1,"featured_media":0,"parent":0,"menu_order":0,"comment_status":"closed","ping_status":"closed","template":"","meta":{"_acf_changed":false,"site-sidebar-layout":"no-sidebar","site-content-layout":"page-builder","ast-site-content-layout":"default","site-content-style":"default","site-sidebar-style":"default","ast-global-header-display":"","ast-banner-title-visibility":"","ast-main-header-display":"","ast-hfb-above-header-display":"","ast-hfb-below-header-display":"","ast-hfb-mobile-header-display":"","site-post-title":"disabled","ast-breadcrumbs-content":"","ast-featured-img":"disabled","footer-sml-layout":"","ast-disable-related-posts":"","theme-transparent-header-meta":"","adv-header-id-meta":"","stick-header-meta":"","header-above-stick-meta":"","header-main-stick-meta":"","header-below-stick-meta":"","astra-migrate-meta-layouts":"default","ast-page-background-enabled":"default","ast-page-background-meta":{"desktop":{"background-color":"var(--ast-global-color-4)","background-image":"","background-repeat":"repeat","background-position":"center center","background-size":"auto","background-attachment":"scroll","background-type":"","background-media":"","overlay-type":"","overlay-color":"","overlay-opacity":"","overlay-gradient":""},"tablet":{"background-color":"","background-image":"","background-repeat":"repeat","background-position":"center center","background-size":"auto","background-attachment":"scroll","background-type":"","background-media":"","overlay-type":"","overlay-color":"","overlay-opacity":"","overlay-gradient":""},"mobile":{"background-color":"","background-image":"","background-repeat":"repeat","background-position":"center center","background-size":"auto","background-attachment":"scroll","background-type":"","background-media":"","overlay-type":"","overlay-color":"","overlay-opacity":"","overlay-gradient":""}},"ast-content-background-meta":{"desktop":{"background-color":"var(--ast-global-color-5)","background-image":"","background-repeat":"repeat","background-position":"center center","background-size":"auto","background-attachment":"scroll","background-type":"","background-media":"","overlay-type":"","overlay-color":"","overlay-opacity":"","overlay-gradient":""},"tablet":{"background-color":"var(--ast-global-color-5)","background-image":"","background-repeat":"repeat","background-position":"center center","background-size":"auto","background-attachment":"scroll","background-type":"","background-media":"","overlay-type":"","overlay-color":"","overlay-opacity":"","overlay-gradient":""},"mobile":{"background-color":"var(--ast-global-color-5)","background-image":"","background-repeat":"repeat","background-position":"center center","background-size":"auto","background-attachment":"scroll","background-type":"","background-media":"","overlay-type":"","overlay-color":"","overlay-opacity":"","overlay-gradient":""}},"footnotes":""},"class_list":["post-81","page","type-page","status-publish","hentry"],"acf":[],"yoast_head":"<!-- This site is optimized with the Yoast SEO plugin v27.3 - https:\/\/yoast.com\/product\/yoast-seo-wordpress\/ -->\n<title>Orientaci\u00f3n sexual | Sexducacion<\/title>\n<meta name=\"description\" content=\"Algunas personas acuden a consulta porque no tienen clara su orientaci\u00f3n sexual, necesitan aclararse sobre cu\u00e1l es el sexo por el que preferentemente se sienten atra\u00eddos\" \/>\n<meta name=\"robots\" content=\"index, follow, max-snippet:-1, max-image-preview:large, max-video-preview:-1\" \/>\n<link rel=\"canonical\" href=\"https:\/\/sexducacion.com\/cat\/orientacion-sexual\/\" \/>\n<meta property=\"og:locale\" content=\"ca_ES\" \/>\n<meta property=\"og:type\" content=\"article\" \/>\n<meta property=\"og:title\" content=\"Orientaci\u00f3n sexual | Sexducacion\" \/>\n<meta property=\"og:description\" content=\"Algunas personas acuden a consulta porque no tienen clara su orientaci\u00f3n sexual, necesitan aclararse sobre cu\u00e1l es el sexo por el que preferentemente se sienten atra\u00eddos\" \/>\n<meta property=\"og:url\" content=\"https:\/\/sexducacion.com\/cat\/orientacion-sexual\/\" \/>\n<meta property=\"og:site_name\" content=\"Sexducacion\" \/>\n<meta property=\"article:modified_time\" content=\"2023-01-20T09:47:35+00:00\" \/>\n<meta property=\"og:image\" content=\"https:\/\/sexducacion.com\/wp-content\/uploads\/2022\/07\/orientacion-sexual.jpeg\" \/>\n<meta name=\"twitter:card\" content=\"summary_large_image\" \/>\n<meta name=\"twitter:label1\" content=\"Temps estimat de lectura\" \/>\n\t<meta name=\"twitter:data1\" content=\"3 minuts\" \/>\n<script type=\"application\/ld+json\" class=\"yoast-schema-graph\">{\"@context\":\"https:\\\/\\\/schema.org\",\"@graph\":[{\"@type\":\"WebPage\",\"@id\":\"https:\\\/\\\/sexducacion.com\\\/orientacion-sexual\\\/\",\"url\":\"https:\\\/\\\/sexducacion.com\\\/orientacion-sexual\\\/\",\"name\":\"Orientaci\u00f3n sexual | Sexducacion\",\"isPartOf\":{\"@id\":\"https:\\\/\\\/sexducacion.com\\\/#website\"},\"primaryImageOfPage\":{\"@id\":\"https:\\\/\\\/sexducacion.com\\\/orientacion-sexual\\\/#primaryimage\"},\"image\":{\"@id\":\"https:\\\/\\\/sexducacion.com\\\/orientacion-sexual\\\/#primaryimage\"},\"thumbnailUrl\":\"https:\\\/\\\/sexducacion.com\\\/wp-content\\\/uploads\\\/2022\\\/07\\\/orientacion-sexual.jpeg\",\"datePublished\":\"2022-06-09T17:32:57+00:00\",\"dateModified\":\"2023-01-20T09:47:35+00:00\",\"description\":\"Algunas personas acuden a consulta porque no tienen clara su orientaci\u00f3n sexual, necesitan aclararse sobre cu\u00e1l es el sexo por el que preferentemente se sienten atra\u00eddos\",\"breadcrumb\":{\"@id\":\"https:\\\/\\\/sexducacion.com\\\/orientacion-sexual\\\/#breadcrumb\"},\"inLanguage\":\"ca\",\"potentialAction\":[{\"@type\":\"ReadAction\",\"target\":[\"https:\\\/\\\/sexducacion.com\\\/orientacion-sexual\\\/\"]}]},{\"@type\":\"ImageObject\",\"inLanguage\":\"ca\",\"@id\":\"https:\\\/\\\/sexducacion.com\\\/orientacion-sexual\\\/#primaryimage\",\"url\":\"https:\\\/\\\/sexducacion.com\\\/wp-content\\\/uploads\\\/2022\\\/07\\\/orientacion-sexual.jpeg\",\"contentUrl\":\"https:\\\/\\\/sexducacion.com\\\/wp-content\\\/uploads\\\/2022\\\/07\\\/orientacion-sexual.jpeg\"},{\"@type\":\"BreadcrumbList\",\"@id\":\"https:\\\/\\\/sexducacion.com\\\/orientacion-sexual\\\/#breadcrumb\",\"itemListElement\":[{\"@type\":\"ListItem\",\"position\":1,\"name\":\"Portada\",\"item\":\"https:\\\/\\\/sexducacion.com\\\/\"},{\"@type\":\"ListItem\",\"position\":2,\"name\":\"Orientaci\u00f3n sexual\"}]},{\"@type\":\"WebSite\",\"@id\":\"https:\\\/\\\/sexducacion.com\\\/#website\",\"url\":\"https:\\\/\\\/sexducacion.com\\\/\",\"name\":\"Sexducacion\",\"description\":\"Espacio online de educaci\u00f3n sexual dirigido a familias, profesionales y toda persona interesada en la educaci\u00f3n sexual.\",\"publisher\":{\"@id\":\"https:\\\/\\\/sexducacion.com\\\/#organization\"},\"potentialAction\":[{\"@type\":\"SearchAction\",\"target\":{\"@type\":\"EntryPoint\",\"urlTemplate\":\"https:\\\/\\\/sexducacion.com\\\/?s={search_term_string}\"},\"query-input\":{\"@type\":\"PropertyValueSpecification\",\"valueRequired\":true,\"valueName\":\"search_term_string\"}}],\"inLanguage\":\"ca\"},{\"@type\":\"Organization\",\"@id\":\"https:\\\/\\\/sexducacion.com\\\/#organization\",\"name\":\"Sexducacion\",\"url\":\"https:\\\/\\\/sexducacion.com\\\/\",\"logo\":{\"@type\":\"ImageObject\",\"inLanguage\":\"ca\",\"@id\":\"https:\\\/\\\/sexducacion.com\\\/#\\\/schema\\\/logo\\\/image\\\/\",\"url\":\"https:\\\/\\\/sexducacion.com\\\/wp-content\\\/uploads\\\/2022\\\/06\\\/Logo-corazo\u0301n-fuerte.png\",\"contentUrl\":\"https:\\\/\\\/sexducacion.com\\\/wp-content\\\/uploads\\\/2022\\\/06\\\/Logo-corazo\u0301n-fuerte.png\",\"width\":1819,\"height\":545,\"caption\":\"Sexducacion\"},\"image\":{\"@id\":\"https:\\\/\\\/sexducacion.com\\\/#\\\/schema\\\/logo\\\/image\\\/\"}}]}<\/script>\n<!-- \/ Yoast SEO plugin. -->","yoast_head_json":{"title":"Orientaci\u00f3n sexual | Sexducacion","description":"Algunas personas acuden a consulta porque no tienen clara su orientaci\u00f3n sexual, necesitan aclararse sobre cu\u00e1l es el sexo por el que preferentemente se sienten atra\u00eddos","robots":{"index":"index","follow":"follow","max-snippet":"max-snippet:-1","max-image-preview":"max-image-preview:large","max-video-preview":"max-video-preview:-1"},"canonical":"https:\/\/sexducacion.com\/cat\/orientacion-sexual\/","og_locale":"ca_ES","og_type":"article","og_title":"Orientaci\u00f3n sexual | Sexducacion","og_description":"Algunas personas acuden a consulta porque no tienen clara su orientaci\u00f3n sexual, necesitan aclararse sobre cu\u00e1l es el sexo por el que preferentemente se sienten atra\u00eddos","og_url":"https:\/\/sexducacion.com\/cat\/orientacion-sexual\/","og_site_name":"Sexducacion","article_modified_time":"2023-01-20T09:47:35+00:00","og_image":[{"url":"https:\/\/sexducacion.com\/wp-content\/uploads\/2022\/07\/orientacion-sexual.jpeg","type":"","width":"","height":""}],"twitter_card":"summary_large_image","twitter_misc":{"Temps estimat de lectura":"3 minuts"},"schema":{"@context":"https:\/\/schema.org","@graph":[{"@type":"WebPage","@id":"https:\/\/sexducacion.com\/orientacion-sexual\/","url":"https:\/\/sexducacion.com\/orientacion-sexual\/","name":"Orientaci\u00f3n sexual | Sexducacion","isPartOf":{"@id":"https:\/\/sexducacion.com\/#website"},"primaryImageOfPage":{"@id":"https:\/\/sexducacion.com\/orientacion-sexual\/#primaryimage"},"image":{"@id":"https:\/\/sexducacion.com\/orientacion-sexual\/#primaryimage"},"thumbnailUrl":"https:\/\/sexducacion.com\/wp-content\/uploads\/2022\/07\/orientacion-sexual.jpeg","datePublished":"2022-06-09T17:32:57+00:00","dateModified":"2023-01-20T09:47:35+00:00","description":"Algunas personas acuden a consulta porque no tienen clara su orientaci\u00f3n sexual, necesitan aclararse sobre cu\u00e1l es el sexo por el que preferentemente se sienten atra\u00eddos","breadcrumb":{"@id":"https:\/\/sexducacion.com\/orientacion-sexual\/#breadcrumb"},"inLanguage":"ca","potentialAction":[{"@type":"ReadAction","target":["https:\/\/sexducacion.com\/orientacion-sexual\/"]}]},{"@type":"ImageObject","inLanguage":"ca","@id":"https:\/\/sexducacion.com\/orientacion-sexual\/#primaryimage","url":"https:\/\/sexducacion.com\/wp-content\/uploads\/2022\/07\/orientacion-sexual.jpeg","contentUrl":"https:\/\/sexducacion.com\/wp-content\/uploads\/2022\/07\/orientacion-sexual.jpeg"},{"@type":"BreadcrumbList","@id":"https:\/\/sexducacion.com\/orientacion-sexual\/#breadcrumb","itemListElement":[{"@type":"ListItem","position":1,"name":"Portada","item":"https:\/\/sexducacion.com\/"},{"@type":"ListItem","position":2,"name":"Orientaci\u00f3n sexual"}]},{"@type":"WebSite","@id":"https:\/\/sexducacion.com\/#website","url":"https:\/\/sexducacion.com\/","name":"Sexducacion","description":"Espacio online de educaci\u00f3n sexual dirigido a familias, profesionales y toda persona interesada en la educaci\u00f3n sexual.","publisher":{"@id":"https:\/\/sexducacion.com\/#organization"},"potentialAction":[{"@type":"SearchAction","target":{"@type":"EntryPoint","urlTemplate":"https:\/\/sexducacion.com\/?s={search_term_string}"},"query-input":{"@type":"PropertyValueSpecification","valueRequired":true,"valueName":"search_term_string"}}],"inLanguage":"ca"},{"@type":"Organization","@id":"https:\/\/sexducacion.com\/#organization","name":"Sexducacion","url":"https:\/\/sexducacion.com\/","logo":{"@type":"ImageObject","inLanguage":"ca","@id":"https:\/\/sexducacion.com\/#\/schema\/logo\/image\/","url":"https:\/\/sexducacion.com\/wp-content\/uploads\/2022\/06\/Logo-corazo\u0301n-fuerte.png","contentUrl":"https:\/\/sexducacion.com\/wp-content\/uploads\/2022\/06\/Logo-corazo\u0301n-fuerte.png","width":1819,"height":545,"caption":"Sexducacion"},"image":{"@id":"https:\/\/sexducacion.com\/#\/schema\/logo\/image\/"}}]}},"_links":{"self":[{"href":"https:\/\/sexducacion.com\/cat\/wp-json\/wp\/v2\/pages\/81","targetHints":{"allow":["GET"]}}],"collection":[{"href":"https:\/\/sexducacion.com\/cat\/wp-json\/wp\/v2\/pages"}],"about":[{"href":"https:\/\/sexducacion.com\/cat\/wp-json\/wp\/v2\/types\/page"}],"author":[{"embeddable":true,"href":"https:\/\/sexducacion.com\/cat\/wp-json\/wp\/v2\/users\/1"}],"replies":[{"embeddable":true,"href":"https:\/\/sexducacion.com\/cat\/wp-json\/wp\/v2\/comments?post=81"}],"version-history":[{"count":23,"href":"https:\/\/sexducacion.com\/cat\/wp-json\/wp\/v2\/pages\/81\/revisions"}],"predecessor-version":[{"id":15572,"href":"https:\/\/sexducacion.com\/cat\/wp-json\/wp\/v2\/pages\/81\/revisions\/15572"}],"wp:attachment":[{"href":"https:\/\/sexducacion.com\/cat\/wp-json\/wp\/v2\/media?parent=81"}],"curies":[{"name":"wp","href":"https:\/\/api.w.org\/{rel}","templated":true}]}}