{"id":69,"date":"2022-06-09T17:30:54","date_gmt":"2022-06-09T17:30:54","guid":{"rendered":"http:\/\/sexducacion.com\/?page_id=69"},"modified":"2023-01-20T09:42:44","modified_gmt":"2023-01-20T09:42:44","slug":"ausencia-de-orgasmo","status":"publish","type":"page","link":"https:\/\/sexducacion.com\/cat\/ausencia-de-orgasmo\/","title":{"rendered":"Abs\u00e8ncia d'orgasme"},"content":{"rendered":"<div data-elementor-type=\"wp-page\" data-elementor-id=\"69\" class=\"elementor elementor-69\" data-elementor-post-type=\"page\">\n\t\t\t\t\t\t<section class=\"elementor-section elementor-top-section elementor-element elementor-element-7de1c1c elementor-section-height-min-height elementor-section-boxed elementor-section-height-default elementor-section-items-middle\" data-id=\"7de1c1c\" data-element_type=\"section\" data-e-type=\"section\" data-settings=\"{&quot;background_background&quot;:&quot;classic&quot;}\">\n\t\t\t\t\t\t<div class=\"elementor-container elementor-column-gap-default\">\n\t\t\t\t\t<div class=\"elementor-column elementor-col-100 elementor-top-column elementor-element elementor-element-557b104\" data-id=\"557b104\" data-element_type=\"column\" data-e-type=\"column\">\n\t\t\t<div class=\"elementor-widget-wrap elementor-element-populated\">\n\t\t\t\t\t\t<div class=\"elementor-element elementor-element-91cda97 elementor-widget elementor-widget-heading\" data-id=\"91cda97\" data-element_type=\"widget\" data-e-type=\"widget\" data-widget_type=\"heading.default\">\n\t\t\t\t<div class=\"elementor-widget-container\">\n\t\t\t\t\t<h1 class=\"elementor-heading-title elementor-size-default\">Abs\u00e8ncia d'orgasme<\/h1>\t\t\t\t<\/div>\n\t\t\t\t<\/div>\n\t\t\t\t<div class=\"elementor-element elementor-element-75cc7b6 elementor-widget elementor-widget-text-editor\" data-id=\"75cc7b6\" data-element_type=\"widget\" data-e-type=\"widget\" data-widget_type=\"text-editor.default\">\n\t\t\t\t<div class=\"elementor-widget-container\">\n\t\t\t\t\t\t\t\t\t<p>Hi ha dones que poden aconseguir un\u00a0<strong>alt nivell d'excitaci\u00f3<\/strong>\u00a0per\u00f2 no arriben a l'orgasme, d'altres en poden amagar una\u00a0<strong>dificultat a l'excitaci\u00f3.<\/strong><\/p>\t\t\t\t\t\t\t\t<\/div>\n\t\t\t\t<\/div>\n\t\t\t\t\t<\/div>\n\t\t<\/div>\n\t\t\t\t\t<\/div>\n\t\t<\/section>\n\t\t\t\t<section class=\"elementor-section elementor-top-section elementor-element elementor-element-c3bc5d1 elementor-section-boxed elementor-section-height-default elementor-section-height-default\" data-id=\"c3bc5d1\" data-element_type=\"section\" data-e-type=\"section\">\n\t\t\t\t\t\t<div class=\"elementor-container elementor-column-gap-default\">\n\t\t\t\t\t<div class=\"elementor-column elementor-col-100 elementor-top-column elementor-element elementor-element-cacbdfd\" data-id=\"cacbdfd\" data-element_type=\"column\" data-e-type=\"column\">\n\t\t\t<div class=\"elementor-widget-wrap elementor-element-populated\">\n\t\t\t\t\t\t<div class=\"elementor-element elementor-element-fb3017e elementor-widget elementor-widget-text-editor\" data-id=\"fb3017e\" data-element_type=\"widget\" data-e-type=\"widget\" data-widget_type=\"text-editor.default\">\n\t\t\t\t<div class=\"elementor-widget-container\">\n\t\t\t\t\t\t\t\t\t<p>S\u00f3n les dones les que solen consultar amb m\u00e9s freq\u00fc\u00e8ncia en relaci\u00f3 amb la\u00a0<strong>dificultat per assolir l'orgasme<\/strong>\u00a0oa\u00a0<strong>l'abs\u00e8ncia<\/strong>\u00a0del mateix (anorg\u00e0smia). Hi ha dones que poden aconseguir un<strong>\u00a0alt nivell d'excitaci\u00f3<\/strong>\u00a0per\u00f2 no arriben a l'orgasme, d'altres en poden amagar una\u00a0<strong>dificultat a l'excitaci\u00f3.<\/strong><\/p><p>Algunes dones\u00a0consulten, perqu\u00e8 poden arribar a\u00a0<strong>l'orgasme<\/strong>\u00a0en algunes circumst\u00e0ncies\u00a0<strong>(masturbaci\u00f3 tot sol<\/strong>,\u00a0<strong>relacions<\/strong>\u00a0<strong>sexuals no coitals<\/strong>), i no en altres (coit). Davant l'abs\u00e8ncia d'orgasme, moltes dones passen per una fase de resignaci\u00f3 en qu\u00e8 mantenen relacions sexuals sense esperar l'anhelat orgasme o s'hi obsessionen i l'\u00fanic que aconsegueixen \u00e9s l'efecte contrari.\u00a0<\/p><p>Moltes dones que\u00a0<strong>no han apr\u00e8s a tenir un orgasme<\/strong>, mostren <strong><a href=\"https:\/\/sexducacion.com\/cat\/dificultades-sexuales\/falta-de-deseo-sexual\/\">manca de desig<\/a><\/strong>\u00a0en les seves relacions sexuals. De vegades el problema d'abs\u00e8ncia d'orgasme afecta la vida sexual de la dona que es pressiona i se sent culpable per no saber proporcionar-se orgasmes.<\/p>\t\t\t\t\t\t\t\t<\/div>\n\t\t\t\t<\/div>\n\t\t\t\t\t<\/div>\n\t\t<\/div>\n\t\t\t\t\t<\/div>\n\t\t<\/section>\n\t\t\t\t<section class=\"elementor-section elementor-top-section elementor-element elementor-element-22a2382 elementor-section-boxed elementor-section-height-default elementor-section-height-default\" data-id=\"22a2382\" data-element_type=\"section\" data-e-type=\"section\">\n\t\t\t\t\t\t<div class=\"elementor-container elementor-column-gap-default\">\n\t\t\t\t\t<div class=\"elementor-column elementor-col-100 elementor-top-column elementor-element elementor-element-1242bd9\" data-id=\"1242bd9\" data-element_type=\"column\" data-e-type=\"column\">\n\t\t\t<div class=\"elementor-widget-wrap elementor-element-populated\">\n\t\t\t\t\t\t<div class=\"elementor-element elementor-element-a8fddf7 elementor-widget elementor-widget-image\" data-id=\"a8fddf7\" data-element_type=\"widget\" data-e-type=\"widget\" data-widget_type=\"image.default\">\n\t\t\t\t<div class=\"elementor-widget-container\">\n\t\t\t\t\t\t\t\t\t\t\t\t\t\t\t<img fetchpriority=\"high\" decoding=\"async\" width=\"1024\" height=\"755\" src=\"https:\/\/sexducacion.com\/wp-content\/uploads\/2022\/07\/ausencia-de-orgasmo.jpeg\" class=\"attachment-large size-large wp-image-12863\" alt=\"\" srcset=\"https:\/\/sexducacion.com\/wp-content\/uploads\/2022\/07\/ausencia-de-orgasmo.jpeg 1024w, https:\/\/sexducacion.com\/wp-content\/uploads\/2022\/07\/ausencia-de-orgasmo-300x221.jpeg 300w, https:\/\/sexducacion.com\/wp-content\/uploads\/2022\/07\/ausencia-de-orgasmo-768x566.jpeg 768w, https:\/\/sexducacion.com\/wp-content\/uploads\/2022\/07\/ausencia-de-orgasmo-16x12.jpeg 16w\" sizes=\"(max-width: 1024px) 100vw, 1024px\" \/>\t\t\t\t\t\t\t\t\t\t\t\t\t\t\t<\/div>\n\t\t\t\t<\/div>\n\t\t\t\t\t<\/div>\n\t\t<\/div>\n\t\t\t\t\t<\/div>\n\t\t<\/section>\n\t\t\t\t<section class=\"elementor-section elementor-top-section elementor-element elementor-element-1d2d95a elementor-section-boxed elementor-section-height-default elementor-section-height-default\" data-id=\"1d2d95a\" data-element_type=\"section\" data-e-type=\"section\">\n\t\t\t\t\t\t<div class=\"elementor-container elementor-column-gap-default\">\n\t\t\t\t\t<div class=\"elementor-column elementor-col-100 elementor-top-column elementor-element elementor-element-3845e86\" data-id=\"3845e86\" data-element_type=\"column\" data-e-type=\"column\">\n\t\t\t<div class=\"elementor-widget-wrap elementor-element-populated\">\n\t\t\t\t\t\t<div class=\"elementor-element elementor-element-7689b12 elementor-widget elementor-widget-heading\" data-id=\"7689b12\" data-element_type=\"widget\" data-e-type=\"widget\" data-widget_type=\"heading.default\">\n\t\t\t\t<div class=\"elementor-widget-container\">\n\t\t\t\t\t<h3 class=\"elementor-heading-title elementor-size-default\">Podem ajudar-te<\/h3>\t\t\t\t<\/div>\n\t\t\t\t<\/div>\n\t\t\t\t<div class=\"elementor-element elementor-element-e1358ff elementor-widget elementor-widget-text-editor\" data-id=\"e1358ff\" data-element_type=\"widget\" data-e-type=\"widget\" data-widget_type=\"text-editor.default\">\n\t\t\t\t<div class=\"elementor-widget-container\">\n\t\t\t\t\t\t\t\t\t<p>Si teniu problemes d'anorg\u00e0smia o abs\u00e8ncia d'orgasme, us animem a consultar-nos. El tractament sexol\u00f2gic per a l'anorg\u00e0smia t\u00e9 un percentatge molt elevat de recuperaci\u00f3, especialment si la dona est\u00e0 motivada i implica el proc\u00e9s.<\/p><p><span id=\"docs-internal-guid-ec709a4a-7fff-4e10-2955-dd7dfa84e1d5\">Si resides a <strong>Madrid o Barcelona<\/strong> pots concertar una cita per email a<strong> <a href=\"mailto:sexducacion@sexducacion.com\">sexducacion@sexducacion.com<\/a><\/strong>. Si no vius a cap d'aquestes ciutats, <strong>t'atenem de manera online<\/strong>. Les intervencions en l\u00ednia tenen una metodologia i una efic\u00e0cia similar a les intervencions en persona.<\/span><\/p>\t\t\t\t\t\t\t\t<\/div>\n\t\t\t\t<\/div>\n\t\t\t\t<div class=\"elementor-element elementor-element-74e90e5 elementor-widget elementor-widget-heading\" data-id=\"74e90e5\" data-element_type=\"widget\" data-e-type=\"widget\" data-widget_type=\"heading.default\">\n\t\t\t\t<div class=\"elementor-widget-container\">\n\t\t\t\t\t<h3 class=\"elementor-heading-title elementor-size-default\">Qu\u00e8 \u00e9s l'assessorament sexol\u00f2gic per a l'anorg\u00e0smia?<\/h3>\t\t\t\t<\/div>\n\t\t\t\t<\/div>\n\t\t\t\t<div class=\"elementor-element elementor-element-1c22ba7 elementor-widget elementor-widget-text-editor\" data-id=\"1c22ba7\" data-element_type=\"widget\" data-e-type=\"widget\" data-widget_type=\"text-editor.default\">\n\t\t\t\t<div class=\"elementor-widget-container\">\n\t\t\t\t\t\t\t\t\t<p><span style=\"font-style: inherit; font-weight: inherit; background-color: var(--ast-global-color-5);\">A la primera visita, la persona\u00a0<\/span><strong style=\"font-style: inherit; background-color: var(--ast-global-color-5);\">experta en sexologia i educaci\u00f3 estudiar\u00e0 la dificultat d'anorg\u00e0smia\u00a0<\/strong><span style=\"font-style: inherit; font-weight: inherit; background-color: var(--ast-global-color-5);\">que la dona planteja per determinar el\u00a0<\/span><strong style=\"font-style: inherit; background-color: var(--ast-global-color-5);\">diagn\u00f2stic, detectant les causes que hi ha a l'origen o mantenint el problema. S'explicar\u00e0 a la dona i\/o parella\u00a0<\/strong><span style=\"font-style: inherit; font-weight: inherit; background-color: var(--ast-global-color-5);\">en qu\u00e8 consisteix aquesta dificultat i es far\u00e0 una proposta\u00a0<\/span><strong style=\"font-style: inherit; background-color: var(--ast-global-color-5);\">d'intervenci\u00f3 consensuada, personalitzada i conjunta\u00a0<\/strong><span style=\"font-style: inherit; font-weight: inherit; background-color: var(--ast-global-color-5);\">per abordar-la.<\/span><\/p><p>Les intervencions inclouran:\u00a0<\/p><ul><li><strong>Informaci\u00f3 i assessorament sexual.<\/strong><\/li><li>Informaci\u00f3 sobre el<strong>\u00a0funcionament d\u00b4un orgasme.<\/strong><\/li><li><strong>Enriquiment<\/strong>\u00a0de les\u00a0<strong>trobades er\u00f2tiques.<\/strong><\/li><li><strong>Coneixement<\/strong>\u00a0del cos i de la\u00a0<strong>sexualitat masculina i femenina.<\/strong><\/li><li><strong>Exercicis<\/strong>\u00a0per\u00a0<strong>facilitar el plaer<\/strong>\u00a0i\u00a0<strong>l'orgasme<\/strong>\u00a0tant en parella com en solitari.<\/li><\/ul><p>Al llarg de les visites, s'anir\u00e0\u00a0<strong>valorant l'evoluci\u00f3<\/strong>\u00a0i\u00a0<strong>s'adaptar\u00e0<\/strong>\u00a0en tot moment la\u00a0<strong>intervenci\u00f3 a les necessitats de la dona.<\/strong><\/p><p><strong>La manca d'orgasme es pot tractar tant si es t\u00e9 parella com si no.<\/strong>\u00a0A l'assessorament sexol\u00f2gic de parelles, pot ser necessari l'atenci\u00f3 individual de cada membre de la parella per a un millor abordatge i comprensi\u00f3 de la dificultat o problema que presentin.<\/p><p>Les sessions tenen una durada aproximada d'1h.<\/p>\t\t\t\t\t\t\t\t<\/div>\n\t\t\t\t<\/div>\n\t\t\t\t\t<\/div>\n\t\t<\/div>\n\t\t\t\t\t<\/div>\n\t\t<\/section>\n\t\t\t\t<section class=\"elementor-section elementor-top-section elementor-element elementor-element-89b0f05 elementor-section-boxed elementor-section-height-default elementor-section-height-default\" data-id=\"89b0f05\" data-element_type=\"section\" data-e-type=\"section\">\n\t\t\t\t\t\t<div class=\"elementor-container elementor-column-gap-default\">\n\t\t\t\t\t<div class=\"elementor-column elementor-col-100 elementor-top-column elementor-element elementor-element-a93dd2c\" data-id=\"a93dd2c\" data-element_type=\"column\" data-e-type=\"column\">\n\t\t\t<div class=\"elementor-widget-wrap elementor-element-populated\">\n\t\t\t\t\t\t<div class=\"elementor-element elementor-element-ae78a71 elementor-widget elementor-widget-heading\" data-id=\"ae78a71\" data-element_type=\"widget\" data-e-type=\"widget\" data-widget_type=\"heading.default\">\n\t\t\t\t<div class=\"elementor-widget-container\">\n\t\t\t\t\t<h3 class=\"elementor-heading-title elementor-size-default\">Tens alguna pregunta? Vols sol\u00b7licitar una cita?<\/h3>\t\t\t\t<\/div>\n\t\t\t\t<\/div>\n\t\t\t\t<div class=\"elementor-element elementor-element-1d5368c elementor-align-center elementor-widget elementor-widget-button\" data-id=\"1d5368c\" data-element_type=\"widget\" data-e-type=\"widget\" data-widget_type=\"button.default\">\n\t\t\t\t<div class=\"elementor-widget-container\">\n\t\t\t\t\t\t\t\t\t<div class=\"elementor-button-wrapper\">\n\t\t\t\t\t<a class=\"elementor-button elementor-button-link elementor-size-sm\" href=\"https:\/\/sexducacion.com\/cat\/contacto\/\">\n\t\t\t\t\t\t<span class=\"elementor-button-content-wrapper\">\n\t\t\t\t\t\t\t\t\t<span class=\"elementor-button-text\">Contacta aqu\u00ed<\/span>\n\t\t\t\t\t<\/span>\n\t\t\t\t\t<\/a>\n\t\t\t\t<\/div>\n\t\t\t\t\t\t\t\t<\/div>\n\t\t\t\t<\/div>\n\t\t\t\t\t<\/div>\n\t\t<\/div>\n\t\t\t\t\t<\/div>\n\t\t<\/section>\n\t\t\t\t<\/div>","protected":false},"excerpt":{"rendered":"<p>Ausencia de orgasmo Hay mujeres que pueden lograr un\u00a0alto nivel de excitaci\u00f3n\u00a0pero no llegan al orgasmo, otras pueden esconder una\u00a0dificultad en la excitaci\u00f3n. Son las mujeres quienes suelen consultar con mayor frecuencia en relaci\u00f3n a la\u00a0dificultad para alcanzar el orgasmo\u00a0o a la\u00a0ausencia\u00a0del mismo (anorgasmia). Hay mujeres que pueden lograr un\u00a0alto nivel de excitaci\u00f3n\u00a0pero no llegan [&hellip;]<\/p>\n","protected":false},"author":1,"featured_media":0,"parent":0,"menu_order":0,"comment_status":"closed","ping_status":"closed","template":"","meta":{"_acf_changed":false,"site-sidebar-layout":"no-sidebar","site-content-layout":"page-builder","ast-site-content-layout":"default","site-content-style":"default","site-sidebar-style":"default","ast-global-header-display":"","ast-banner-title-visibility":"","ast-main-header-display":"","ast-hfb-above-header-display":"","ast-hfb-below-header-display":"","ast-hfb-mobile-header-display":"","site-post-title":"disabled","ast-breadcrumbs-content":"","ast-featured-img":"disabled","footer-sml-layout":"","ast-disable-related-posts":"","theme-transparent-header-meta":"","adv-header-id-meta":"","stick-header-meta":"","header-above-stick-meta":"","header-main-stick-meta":"","header-below-stick-meta":"","astra-migrate-meta-layouts":"default","ast-page-background-enabled":"default","ast-page-background-meta":{"desktop":{"background-color":"var(--ast-global-color-4)","background-image":"","background-repeat":"repeat","background-position":"center center","background-size":"auto","background-attachment":"scroll","background-type":"","background-media":"","overlay-type":"","overlay-color":"","overlay-opacity":"","overlay-gradient":""},"tablet":{"background-color":"","background-image":"","background-repeat":"repeat","background-position":"center center","background-size":"auto","background-attachment":"scroll","background-type":"","background-media":"","overlay-type":"","overlay-color":"","overlay-opacity":"","overlay-gradient":""},"mobile":{"background-color":"","background-image":"","background-repeat":"repeat","background-position":"center center","background-size":"auto","background-attachment":"scroll","background-type":"","background-media":"","overlay-type":"","overlay-color":"","overlay-opacity":"","overlay-gradient":""}},"ast-content-background-meta":{"desktop":{"background-color":"var(--ast-global-color-5)","background-image":"","background-repeat":"repeat","background-position":"center center","background-size":"auto","background-attachment":"scroll","background-type":"","background-media":"","overlay-type":"","overlay-color":"","overlay-opacity":"","overlay-gradient":""},"tablet":{"background-color":"var(--ast-global-color-5)","background-image":"","background-repeat":"repeat","background-position":"center center","background-size":"auto","background-attachment":"scroll","background-type":"","background-media":"","overlay-type":"","overlay-color":"","overlay-opacity":"","overlay-gradient":""},"mobile":{"background-color":"var(--ast-global-color-5)","background-image":"","background-repeat":"repeat","background-position":"center center","background-size":"auto","background-attachment":"scroll","background-type":"","background-media":"","overlay-type":"","overlay-color":"","overlay-opacity":"","overlay-gradient":""}},"footnotes":""},"class_list":["post-69","page","type-page","status-publish","hentry"],"acf":[],"yoast_head":"<!-- This site is optimized with the Yoast SEO plugin v27.3 - https:\/\/yoast.com\/product\/yoast-seo-wordpress\/ -->\n<title>Ausencia de orgasmo | Sexducacion<\/title>\n<meta name=\"description\" content=\"Hay mujeres que pueden lograr un alto nivel de excitaci\u00f3n pero no llegan al orgasmo, otras pueden esconder una dificultad en la excitaci\u00f3n.\" \/>\n<meta name=\"robots\" content=\"index, follow, max-snippet:-1, max-image-preview:large, max-video-preview:-1\" \/>\n<link rel=\"canonical\" href=\"https:\/\/sexducacion.com\/cat\/ausencia-de-orgasmo\/\" \/>\n<meta property=\"og:locale\" content=\"ca_ES\" \/>\n<meta property=\"og:type\" content=\"article\" \/>\n<meta property=\"og:title\" content=\"Ausencia de orgasmo | Sexducacion\" \/>\n<meta property=\"og:description\" content=\"Hay mujeres que pueden lograr un alto nivel de excitaci\u00f3n pero no llegan al orgasmo, otras pueden esconder una dificultad en la excitaci\u00f3n.\" \/>\n<meta property=\"og:url\" content=\"https:\/\/sexducacion.com\/cat\/ausencia-de-orgasmo\/\" \/>\n<meta property=\"og:site_name\" content=\"Sexducacion\" \/>\n<meta property=\"article:modified_time\" content=\"2023-01-20T09:42:44+00:00\" \/>\n<meta property=\"og:image\" content=\"https:\/\/sexducacion.com\/wp-content\/uploads\/2022\/07\/ausencia-de-orgasmo.jpeg\" \/>\n<meta name=\"twitter:card\" content=\"summary_large_image\" \/>\n<meta name=\"twitter:label1\" content=\"Temps estimat de lectura\" \/>\n\t<meta name=\"twitter:data1\" content=\"3 minuts\" \/>\n<script type=\"application\/ld+json\" class=\"yoast-schema-graph\">{\"@context\":\"https:\\\/\\\/schema.org\",\"@graph\":[{\"@type\":\"WebPage\",\"@id\":\"https:\\\/\\\/sexducacion.com\\\/ausencia-de-orgasmo\\\/\",\"url\":\"https:\\\/\\\/sexducacion.com\\\/ausencia-de-orgasmo\\\/\",\"name\":\"Ausencia de orgasmo | Sexducacion\",\"isPartOf\":{\"@id\":\"https:\\\/\\\/sexducacion.com\\\/#website\"},\"primaryImageOfPage\":{\"@id\":\"https:\\\/\\\/sexducacion.com\\\/ausencia-de-orgasmo\\\/#primaryimage\"},\"image\":{\"@id\":\"https:\\\/\\\/sexducacion.com\\\/ausencia-de-orgasmo\\\/#primaryimage\"},\"thumbnailUrl\":\"https:\\\/\\\/sexducacion.com\\\/wp-content\\\/uploads\\\/2022\\\/07\\\/ausencia-de-orgasmo.jpeg\",\"datePublished\":\"2022-06-09T17:30:54+00:00\",\"dateModified\":\"2023-01-20T09:42:44+00:00\",\"description\":\"Hay mujeres que pueden lograr un alto nivel de excitaci\u00f3n pero no llegan al orgasmo, otras pueden esconder una dificultad en la excitaci\u00f3n.\",\"breadcrumb\":{\"@id\":\"https:\\\/\\\/sexducacion.com\\\/ausencia-de-orgasmo\\\/#breadcrumb\"},\"inLanguage\":\"ca\",\"potentialAction\":[{\"@type\":\"ReadAction\",\"target\":[\"https:\\\/\\\/sexducacion.com\\\/ausencia-de-orgasmo\\\/\"]}]},{\"@type\":\"ImageObject\",\"inLanguage\":\"ca\",\"@id\":\"https:\\\/\\\/sexducacion.com\\\/ausencia-de-orgasmo\\\/#primaryimage\",\"url\":\"https:\\\/\\\/sexducacion.com\\\/wp-content\\\/uploads\\\/2022\\\/07\\\/ausencia-de-orgasmo.jpeg\",\"contentUrl\":\"https:\\\/\\\/sexducacion.com\\\/wp-content\\\/uploads\\\/2022\\\/07\\\/ausencia-de-orgasmo.jpeg\"},{\"@type\":\"BreadcrumbList\",\"@id\":\"https:\\\/\\\/sexducacion.com\\\/ausencia-de-orgasmo\\\/#breadcrumb\",\"itemListElement\":[{\"@type\":\"ListItem\",\"position\":1,\"name\":\"Portada\",\"item\":\"https:\\\/\\\/sexducacion.com\\\/\"},{\"@type\":\"ListItem\",\"position\":2,\"name\":\"Ausencia de orgasmo\"}]},{\"@type\":\"WebSite\",\"@id\":\"https:\\\/\\\/sexducacion.com\\\/#website\",\"url\":\"https:\\\/\\\/sexducacion.com\\\/\",\"name\":\"Sexducacion\",\"description\":\"Espacio online de educaci\u00f3n sexual dirigido a familias, profesionales y toda persona interesada en la educaci\u00f3n sexual.\",\"publisher\":{\"@id\":\"https:\\\/\\\/sexducacion.com\\\/#organization\"},\"potentialAction\":[{\"@type\":\"SearchAction\",\"target\":{\"@type\":\"EntryPoint\",\"urlTemplate\":\"https:\\\/\\\/sexducacion.com\\\/?s={search_term_string}\"},\"query-input\":{\"@type\":\"PropertyValueSpecification\",\"valueRequired\":true,\"valueName\":\"search_term_string\"}}],\"inLanguage\":\"ca\"},{\"@type\":\"Organization\",\"@id\":\"https:\\\/\\\/sexducacion.com\\\/#organization\",\"name\":\"Sexducacion\",\"url\":\"https:\\\/\\\/sexducacion.com\\\/\",\"logo\":{\"@type\":\"ImageObject\",\"inLanguage\":\"ca\",\"@id\":\"https:\\\/\\\/sexducacion.com\\\/#\\\/schema\\\/logo\\\/image\\\/\",\"url\":\"https:\\\/\\\/sexducacion.com\\\/wp-content\\\/uploads\\\/2022\\\/06\\\/Logo-corazo\u0301n-fuerte.png\",\"contentUrl\":\"https:\\\/\\\/sexducacion.com\\\/wp-content\\\/uploads\\\/2022\\\/06\\\/Logo-corazo\u0301n-fuerte.png\",\"width\":1819,\"height\":545,\"caption\":\"Sexducacion\"},\"image\":{\"@id\":\"https:\\\/\\\/sexducacion.com\\\/#\\\/schema\\\/logo\\\/image\\\/\"}}]}<\/script>\n<!-- \/ Yoast SEO plugin. -->","yoast_head_json":{"title":"Ausencia de orgasmo | Sexducacion","description":"Hay mujeres que pueden lograr un alto nivel de excitaci\u00f3n pero no llegan al orgasmo, otras pueden esconder una dificultad en la excitaci\u00f3n.","robots":{"index":"index","follow":"follow","max-snippet":"max-snippet:-1","max-image-preview":"max-image-preview:large","max-video-preview":"max-video-preview:-1"},"canonical":"https:\/\/sexducacion.com\/cat\/ausencia-de-orgasmo\/","og_locale":"ca_ES","og_type":"article","og_title":"Ausencia de orgasmo | Sexducacion","og_description":"Hay mujeres que pueden lograr un alto nivel de excitaci\u00f3n pero no llegan al orgasmo, otras pueden esconder una dificultad en la excitaci\u00f3n.","og_url":"https:\/\/sexducacion.com\/cat\/ausencia-de-orgasmo\/","og_site_name":"Sexducacion","article_modified_time":"2023-01-20T09:42:44+00:00","og_image":[{"url":"https:\/\/sexducacion.com\/wp-content\/uploads\/2022\/07\/ausencia-de-orgasmo.jpeg","type":"","width":"","height":""}],"twitter_card":"summary_large_image","twitter_misc":{"Temps estimat de lectura":"3 minuts"},"schema":{"@context":"https:\/\/schema.org","@graph":[{"@type":"WebPage","@id":"https:\/\/sexducacion.com\/ausencia-de-orgasmo\/","url":"https:\/\/sexducacion.com\/ausencia-de-orgasmo\/","name":"Ausencia de orgasmo | Sexducacion","isPartOf":{"@id":"https:\/\/sexducacion.com\/#website"},"primaryImageOfPage":{"@id":"https:\/\/sexducacion.com\/ausencia-de-orgasmo\/#primaryimage"},"image":{"@id":"https:\/\/sexducacion.com\/ausencia-de-orgasmo\/#primaryimage"},"thumbnailUrl":"https:\/\/sexducacion.com\/wp-content\/uploads\/2022\/07\/ausencia-de-orgasmo.jpeg","datePublished":"2022-06-09T17:30:54+00:00","dateModified":"2023-01-20T09:42:44+00:00","description":"Hay mujeres que pueden lograr un alto nivel de excitaci\u00f3n pero no llegan al orgasmo, otras pueden esconder una dificultad en la excitaci\u00f3n.","breadcrumb":{"@id":"https:\/\/sexducacion.com\/ausencia-de-orgasmo\/#breadcrumb"},"inLanguage":"ca","potentialAction":[{"@type":"ReadAction","target":["https:\/\/sexducacion.com\/ausencia-de-orgasmo\/"]}]},{"@type":"ImageObject","inLanguage":"ca","@id":"https:\/\/sexducacion.com\/ausencia-de-orgasmo\/#primaryimage","url":"https:\/\/sexducacion.com\/wp-content\/uploads\/2022\/07\/ausencia-de-orgasmo.jpeg","contentUrl":"https:\/\/sexducacion.com\/wp-content\/uploads\/2022\/07\/ausencia-de-orgasmo.jpeg"},{"@type":"BreadcrumbList","@id":"https:\/\/sexducacion.com\/ausencia-de-orgasmo\/#breadcrumb","itemListElement":[{"@type":"ListItem","position":1,"name":"Portada","item":"https:\/\/sexducacion.com\/"},{"@type":"ListItem","position":2,"name":"Ausencia de orgasmo"}]},{"@type":"WebSite","@id":"https:\/\/sexducacion.com\/#website","url":"https:\/\/sexducacion.com\/","name":"Sexducacion","description":"Espacio online de educaci\u00f3n sexual dirigido a familias, profesionales y toda persona interesada en la educaci\u00f3n sexual.","publisher":{"@id":"https:\/\/sexducacion.com\/#organization"},"potentialAction":[{"@type":"SearchAction","target":{"@type":"EntryPoint","urlTemplate":"https:\/\/sexducacion.com\/?s={search_term_string}"},"query-input":{"@type":"PropertyValueSpecification","valueRequired":true,"valueName":"search_term_string"}}],"inLanguage":"ca"},{"@type":"Organization","@id":"https:\/\/sexducacion.com\/#organization","name":"Sexducacion","url":"https:\/\/sexducacion.com\/","logo":{"@type":"ImageObject","inLanguage":"ca","@id":"https:\/\/sexducacion.com\/#\/schema\/logo\/image\/","url":"https:\/\/sexducacion.com\/wp-content\/uploads\/2022\/06\/Logo-corazo\u0301n-fuerte.png","contentUrl":"https:\/\/sexducacion.com\/wp-content\/uploads\/2022\/06\/Logo-corazo\u0301n-fuerte.png","width":1819,"height":545,"caption":"Sexducacion"},"image":{"@id":"https:\/\/sexducacion.com\/#\/schema\/logo\/image\/"}}]}},"_links":{"self":[{"href":"https:\/\/sexducacion.com\/cat\/wp-json\/wp\/v2\/pages\/69","targetHints":{"allow":["GET"]}}],"collection":[{"href":"https:\/\/sexducacion.com\/cat\/wp-json\/wp\/v2\/pages"}],"about":[{"href":"https:\/\/sexducacion.com\/cat\/wp-json\/wp\/v2\/types\/page"}],"author":[{"embeddable":true,"href":"https:\/\/sexducacion.com\/cat\/wp-json\/wp\/v2\/users\/1"}],"replies":[{"embeddable":true,"href":"https:\/\/sexducacion.com\/cat\/wp-json\/wp\/v2\/comments?post=69"}],"version-history":[{"count":53,"href":"https:\/\/sexducacion.com\/cat\/wp-json\/wp\/v2\/pages\/69\/revisions"}],"predecessor-version":[{"id":15557,"href":"https:\/\/sexducacion.com\/cat\/wp-json\/wp\/v2\/pages\/69\/revisions\/15557"}],"wp:attachment":[{"href":"https:\/\/sexducacion.com\/cat\/wp-json\/wp\/v2\/media?parent=69"}],"curies":[{"name":"wp","href":"https:\/\/api.w.org\/{rel}","templated":true}]}}